 the second derivative of v**3/2 - 2*v**2 + 3*v. Suppose -4*p = -19 - 5. Suppose -2*f = -p*f + 12. Calculate g(f).
5
Let z(w) = -w + 1. Let q = 8 - 13. Let l be z(q). Suppose 0 = -c - l. Let h(t) = -t**3 - 6*t**2 + 2*t + 6. Determine h(c).
-6
Let k(a) be the third derivative of a**4/24 - a**3/6 + 2*a**2. What is k(-1)?
-2
Let j(w) = -w**2 + 11*w - 5. Let n be j(10). Let c(b) = 2 + 3 + 0*b**2 - b**2 + 4*b + 0*b. Determine c(n).
0
Let w = -4 - -5. Suppose 2 = -m + w. Let t(n) = n**2 - 1. Calculate t(m).
0
Let h = 1 + -2. Let p be -1 - 1 - -3 - h. Let a(f) = -f**3 + f. Let z(u) = -u**3 - 5*u**2 + 6*u - 2. Let t(d) = -2*a(d) + z(d). Determine t(p).
-6
Let d(l) be the third derivative of l**6/120 + l**5/10 + l**4/24 - 5*l**3/6 + 2*l**2. Calculate d(-6).
-11
Let n(p) = -p**3 - 5*p**2 - p - 1. Suppose 4*l = 3*s + 34, -2*l - 3*s + 15 = l. Let m = l - 12. What is n(m)?
4
Let g(k) = -31*k**2 + 68*k**2 - 35*k**2 - 4*k + 2*k. Determine g(2).
4
Let n(m) = -m**3 + 2*m**2 + m - 1. Let c = 0 + 2. Give n(c).
1
Let f(v) = -2*v + 3. Let p(z) = -3*z + 5. Let c(y) = -5*f(y) + 3*p(y). Suppose 4 = -5*k + k. What is c(k)?
-1
Let z(v) = v**3 + 3*v**2 + v - 1. Let t be z(-2). Let o = t + -3. Let m(w) = -w**3 - 4*w**2 - 4*w - 2. Calculate m(o).
-2
Let h(p) = -p**3 - 5*p**2 - 2*p - 7. Suppose -5*n = -0*t + 3*t + 16, 4*t - 32 = 4*n. Determine h(n).
3
Suppose -4*b + 16 = 4*a, -4*b = 2*a - 4 - 14. Let m(y) = y**3 - 5*y**2 + y. Give m(b).
5
Let a(o) be the third derivative of 1/24*o**4 + 0*o + 1/6*o**3 + 1/60*o**5 - 3*o**2 + 0. Determine a(0).
1
Let t(y) = y**2. Let k(c) = c + 3. Let a be k(1). Suppose -3*o - 24 = a*s, 0*s - o - 7 = s. Give t(s).
9
Let c(f) = 10*f**3 + 2*f**2 + 7*f + 12. Let v(r) = 3*r**3 + r**2 + 2*r + 4. Let a(p) = 2*c(p) - 7*v(p). Calculate a(-3).
-4
Let b(a) = -a**3 - a**2 + a + 3. Suppose -4*m + 33 = -3. Let s = m - 6. Suppose h - 3*i + 3 = 6*h, -s*i + 3 = h. Determine b(h).
3
Let p(c) = c**3 - 4*c**2 + 2. Let a be 0 - (1 - 2)*-1. Let r be (a/(-3))/((-13)/(-156)). Give p(r).
2
Let m(w) be the second derivative of w**7/2520 + w**6/120 + w**5/20 + w**4/4 - 2*w. Let l(p) be the third derivative of m(p). Calculate l(-4).
-2
Let t(l) = -2*l + 2*l**3 + 5*l**2 + 6 - 3*l**3 + 2*l**3 - 2*l. What is t(-6)?
-6
Let l(c) = -c**2 + 5*c + 1. Suppose 24 = 3*u + 3*u. What is l(u)?
5
Let c(k) = k - 7. Let w(x) = -x - x + 7 + 11. Let d(o) = -12*c(o) - 5*w(o). Let v be (-9)/2 - 13/26. Give d(v).
4
Let c(x) be the first derivative of -x**5/60 + x**4/3 - 5*x**3/6 + x**2 + 5. Let j(l) be the second derivative of c(l). Give j(8).
-5
Let h(p) = -1. Let u(c) = -14*c**2 + c - c**3 - 4 + 0*c**3 + 13*c**2. Let n(o) = -6*h(o) + u(o). Calculate n(0).
2
Let n(p) = -p - 4. Suppose -d - 43 = -5*y + 6, -4*d - 36 = -4*y. Let f(l) = l**2 - 11*l + 5. Let o be f(y). Give n(o).
1
Let s(g) = g - 5. Suppose -3*l + 108 = -0*l. Let t be (-102)/(-27) + 8/l. Determine s(t).
-1
Let j(c) = c**2 - 8*c. Let t(i) = 4*i**2 - 24*i + 1. Let g(l) = -7*j(l) + 2*t(l). Determine g(-7).
-5
Let g(h) be the third derivative of 5*h**4/24 + h**3/6 + 7*h**2. Calculate g(1).
6
Let b(k) = -k**2 + 2*k + 3. Let h = -65 + 69. Give b(h).
-5
Let k(d) be the third derivative of -d**5/60 + d**3/2 - 4*d**2. Let m(i) = -2*i**3 - 19*i**2 + 11*i + 13. Let t be m(-10). Give k(t).
-6
Suppose -3*m = -0*m - 3. Let g(f) = 3*f. Calculate g(m).
3
Let c = 32 - 29. Let w(z) be the first derivative of 2*z**2 - 1/3*z**3 - c*z + 3. Determine w(4).
-3
Let t = -8 - -14. Suppose 0 = f + 3*u - 0*u + 1, -5*f + 14 = -4*u. Let n(s) = 4*s - 4 + f*s + t*s**2 + s**3 + 3. Give n(-5).
-6
Let z(i) be the third derivative of -i**7/2520 + i**6/720 + i**5/60 + i**4/4 + 8*i**2. Let b(u) be the second derivative of z(u). What is b(-2)?
-4
Suppose -2*t + 1 = 3. Let a(o) = -1. Let p(c) = 8*c - 3. Let d(m) = -9*m + 4. Let y(z) = 5*d(z) + 6*p(z). Let i(f) = t*y(f) - 3*a(f). What is i(1)?
-2
Let p(v) = v - 2. Let q be p(6). Suppose -2*f = -4*t + 14, 3*t = -2*f + q*f + 13. Suppose -5 = 4*i - t. Let o(l) = -2*l**3 + l**2 - l - 1. Give o(i).
3
Let k(d) be the first derivative of -2*d**3/3 - d**2 - 3*d - 6. Calculate k(-2).
-7
Let z(u) = -2*u**2 + 5*u + 3. Let q = 21 - -2. Let f = -13 + q. Let r = f - 6. Calculate z(r).
-9
Let i(w) = -5*w**2 - w + 1. Let f(m) = 6*m**2 - 2. Let c(g) = 3*f(g) + 4*i(g). Suppose 3*t - 10 = -16. Determine c(t).
-2
Let n(g) = -2*g**3 - g**2 - 4*g - 3. Let u be n(-1). Let z(y) = y**2 - 4*y. Give z(u).
-4
Let j(s) be the first derivative of s**3/3 - 3*s**2/2 + 3*s + 2. Give j(2).
1
Let n(z) = z**2 + 2 + 3 - 4 - 2*z. Let x = 26 - 14. Suppose 0 = 7*b - 3*b - x. What is n(b)?
4
Suppose -2*d + 2 = 6. Let a be 1/d + 10/4. Let h(c) = -4*c - c**a + 2*c**2 + 3*c. Calculate h(1).
0
Suppose 5*l - 6 - 9 = 0. Let f(k) be the first derivative of -k**3/3 + k**2 + 2*k - 1. Calculate f(l).
-1
Let n(t) = -t**2 + 3*t - 2. Let j be n(3). Let r(l) = -l + 2 - 3 - 2*l. Determine r(j).
5
Let i(x) = -x - 2. Suppose -j + 5*j + 12 = 0, -2*k - 24 = 4*j. Give i(k).
4
Suppose 5*b - 4*b - 1 = 0. Let a(k) be the first derivative of -k**2 + b - k - 1/3*k**3. Determine a(-2).
-1
Let k(g) = 4*g**2 - 5*g + 5 - 14 + 7 + g**3. Give k(-5).
-2
Suppose 0 = 4*v - 2*v - 2. Let r(p) be the second derivative of -7*p**3/6 - p**2/2 + 6*p + 3. Determine r(v).
-8
Let z(q) = q**2 - q + 4. Suppose -g - 1 + 6 = 0. Let j be (-1)/5 + g/25. Give z(j).
4
Suppose -17*h + 5 = -12. Let r(q) = -8*q**3 + 3*q**2 + q + 2. Let w(c) = -c**3 + c**2 + 1. Let u(d) = -r(d) + 3*w(d). Determine u(h).
5
Let u be 2/3 - 26/(-6). Suppose -t + 4*b = -4*t + u, -3*t + 41 = -5*b. Let w(g) = -2*g + 9. What is w(t)?
-5
Let g(l) = -l - 1. Let c(z) = -4*z - 6. Let r(b) = -c(b) + 3*g(b). Suppose 4 = -t, -5*p + 3*p + 18 = -2*t. What is r(p)?
8
Let c(j) = -18*j + 13. Let s(x) = 27*x - 20. Let p(l) = 7*c(l) + 5*s(l). Let g(b) = 4*b - 5. Let r(m) = -5*g(m) + 2*p(m). Give r(5).
-3
Let p(j) be the second derivative of j**3/3 + j**2/2 - j. Suppose -3 = -4*q + 1. Let n be -1 - ((q - -3) + -3). Calculate p(n).
-3
Let m(b) be the third derivative of b**4/24 - 3*b**3/2 - b**2. Let i(q) be the first derivative of q**2/2 + 3*q + 1. Let r be i(3). What is m(r)?
-3
Suppose 0 = c + 5*r + 8, -2*r - 25 = 3*r. Suppose 0 = -2*h + 4*d + 7 + 19, -h - 4*d - c = 0. Let l(z) = 6*z**2 - h*z**3 - 7*z + 3 + 1 + 2*z**3. What is l(5)?
-6
Suppose -30 = 5*c + 5*b, 3*c + 0*c = -b - 12. Suppose f - 4*f = 0. Let r(a) = f*a + 2*a**2 + 3 + a**3 + 2*a - 4*a. What is r(c)?
0
Suppose 14 = -7*r + 5*r. Let f(v) = -v**3 - 7*v**2 - 3*v + 1. Give f(r).
22
Let m(y) be the second derivative of -1/180*y**6 - 1/2*y**3 - y + 1/12*y**4 - 1/60*y**5 + 0 + 0*y**2. Let q(j) be the second derivative of m(j). What is q(-2)?
-2
Let o(h) = 7*h**3 + 3*h**2 - 5*h - 1. Let i(b) = -8*b**3 - 4*b**2 + 5*b + 1. Let x(s) = 6*i(s) + 7*o(s). Let q(t) = t - 2. Let n be q(6). Determine x(n).
-5
Let a(k) = -8*k + 1. Let z be 6 - (2 - (1 - -1)). Suppose 3*d - 1 = -o, 2*d - z = -0*o - 2*o. Let b be (-2 - d)/(-4 - -5). Determine a(b).
9
Let h(l) = -5*l**2 + 7*l + 15. Let b(n) = -9*n**2 + 14*n + 29. Let m(p) = 6*b(p) - 11*h(p). Let w(r) = r**3 - 20*r**2 - 20*r - 27. Let t be w(21). What is m(t)?
3
Let c(z) be the second derivative of -z**8/6720 + z**5/60 + z**4/6 - 7*z. Let y(v) be the third derivative of c(v). Determine y(-2).
10
Let c(f) = 2*f - 12. Let b be c(7). Let j(k) = 0*k**2 - 4*k**2 + 8 + 0*k**2 - k**b - k**3 + 7*k. Determine j(-6).
2
Suppose 0 = 5*y - 9*y - 52. Let b(t) = 2*t - 4. Let v(n) = -5*n + 9. Let j(u) = y*b(u) - 6*v(u). Determine j(2).
6
Let c(l) = -l**2 - 6*l. Let o = 0 - 5. Give c(o).
5
Let c(a) = 12 + 11 - 28 - 2*a. Give c(-7).
9
Suppose -4*p = 16, 0*k = -3*k - 4*p - 19. Let u(a) = a**3 + a**2 + 1. Give u(k).
1
Let w be 4/(-8)*2/(-12). Let x(q) be the second derivative of 0 + 2*q + 3*q**2 - 1/2*q**3 - w*q**4. Give x(-5).
-4
Let f = 13 - 2. Let a(s) = -s**2 + 7*s + 7. Let r(p) = 3*p**2 - 20*p - 20. Let g(t) = f*a(t) + 4*r(t). What is g(3)?
-3
Let f(p) = -p + 3*p**2 - 4*p**3 + 2*p**3 - 2 + p**3. Determine f(3).
-5
Suppose 0*w = -3*r - w + 15, 2*r + 4 = 4*w. Let z(a) = -r - 1 - 4*a + 4. Give z(1).
-5
Let t(l) = l**2 + 4*l + 1. Let h be (-2)/((-8)/4) - 3. Determine t(h).
-3
Let q(l) = 17*l - 12 - 33*l + 18*l. Calculate q(8).
4
Let h = 8 - 11. Let i(f) = f**3 + 5*f**2 + 4*f 